{"id":5275,"date":"2014-05-24T13:51:08","date_gmt":"2014-05-24T13:51:08","guid":{"rendered":"http:\/\/wpresidence.net\/?page_id=9"},"modified":"2014-05-24T13:51:08","modified_gmt":"2014-05-24T13:51:08","slug":"termos-de-uso","status":"publish","type":"page","link":"https:\/\/innovationre.gr\/?page_id=5275","title":{"rendered":"Termos de uso"},"content":{"rendered":"<p>Esta Pol\u00edtica de Privacidade rege a maneira como o Real Estate WordPress Theme coleta, usa, mant\u00e9m e divulga as informa\u00e7\u00f5es coletadas dos usu\u00e1rios (cada um, um &#8220;Usu\u00e1rio&#8221;) do site (&#8220;Site&#8221;). Esta pol\u00edtica de privacidade se aplica ao Site e a todos os produtos e servi\u00e7os oferecidos pelo Real Estate WordPress Theme.<\/p>\n<p>Informa\u00e7\u00f5es de identifica\u00e7\u00e3o pessoal<\/p>\n<p>Podemos coletar informa\u00e7\u00f5es de identifica\u00e7\u00e3o pessoal dos Usu\u00e1rios de v\u00e1rias maneiras em conex\u00e3o com atividades, servi\u00e7os, recursos ou recursos que disponibilizamos em nosso Site. Os usu\u00e1rios podem visitar nosso Site anonimamente. N\u00f3s coletaremos informa\u00e7\u00f5es de identifica\u00e7\u00e3o pessoal dos Usu\u00e1rios somente se eles voluntariamente nos enviarem tais informa\u00e7\u00f5es. Os usu\u00e1rios sempre podem se recusar a fornecer informa\u00e7\u00f5es de identifica\u00e7\u00e3o pessoal, exceto que isso pode impedi-los de se envolver em certas atividades relacionadas ao Site.<\/p>\n<p>Informa\u00e7\u00e3o de identifica\u00e7\u00e3o n\u00e3o pessoal<\/p>\n<p>Podemos coletar informa\u00e7\u00f5es de identifica\u00e7\u00e3o n\u00e3o pessoais sobre os usu\u00e1rios sempre que eles interagem com o nosso site. As informa\u00e7\u00f5es de identifica\u00e7\u00e3o n\u00e3o pessoal podem incluir o nome do navegador, o tipo de computador e informa\u00e7\u00f5es t\u00e9cnicas sobre os meios de conex\u00e3o dos Usu\u00e1rios ao nosso Site, como o sistema operacional e os provedores de servi\u00e7os de Internet utilizados e outras informa\u00e7\u00f5es semelhantes.<\/p>\n<p>Cookies de navegador da web<\/p>\n<p>Nosso site pode usar &#8220;cookies&#8221; para melhorar a experi\u00eancia do usu\u00e1rio. O navegador do usu\u00e1rio coloca cookies em seu disco r\u00edgido para fins de manuten\u00e7\u00e3o de registros e, \u00e0s vezes, para rastrear informa\u00e7\u00f5es sobre eles. O usu\u00e1rio pode escolher configurar seu navegador para recusar cookies ou para alert\u00e1-lo quando os cookies estiverem sendo enviados. Se eles fizerem isso, observe que algumas partes do Site podem n\u00e3o funcionar corretamente.<\/p>\n<p>Como protegemos suas informa\u00e7\u00f5es<\/p>\n<p>Adotamos pr\u00e1ticas apropriadas de coleta, armazenamento e processamento de dados e medidas de seguran\u00e7a para proteger contra acesso n\u00e3o autorizado, altera\u00e7\u00e3o, divulga\u00e7\u00e3o ou destrui\u00e7\u00e3o de suas informa\u00e7\u00f5es pessoais, nome de usu\u00e1rio, senha, informa\u00e7\u00f5es de transa\u00e7\u00f5es e dados armazenados em nosso Site.<\/p>\n<p>Compartilhando suas informa\u00e7\u00f5es pessoais<\/p>\n<p>N\u00e3o vendemos, trocamos ou alugamos informa\u00e7\u00f5es de identifica\u00e7\u00e3o pessoal dos Usu\u00e1rios a terceiros. Podemos compartilhar informa\u00e7\u00f5es demogr\u00e1ficas agregadas gen\u00e9ricas n\u00e3o vinculadas a nenhuma informa\u00e7\u00e3o de identifica\u00e7\u00e3o pessoal relativa aos visitantes e usu\u00e1rios com nossos parceiros de neg\u00f3cios, afiliados confi\u00e1veis \u200b\u200be anunciantes para os fins descritos acima.<\/p>\n<p>Mudan\u00e7as nesta pol\u00edtica de privacidade<\/p>\n<p>O tema Real Estate WordPress tem o crit\u00e9rio de atualizar esta pol\u00edtica de privacidade a qualquer momento. Quando o fizermos, revisaremos a data de atualiza\u00e7\u00e3o na parte inferior desta p\u00e1gina. N\u00f3s encorajamos os usu\u00e1rios a verificarem frequentemente esta p\u00e1gina para quaisquer altera\u00e7\u00f5es para se manterem informados sobre como estamos ajudando a proteger as informa\u00e7\u00f5es pessoais que coletamos. Voc\u00ea reconhece e concorda que \u00e9 sua responsabilidade revisar esta pol\u00edtica de privacidade periodicamente e tomar conhecimento das modifica\u00e7\u00f5es.<\/p>\n<p>Sua aceita\u00e7\u00e3o desses termos<\/p>\n<p>Ao utilizar este site, voc\u00ea expressa sua aceita\u00e7\u00e3o desta pol\u00edtica. Se voc\u00ea n\u00e3o concorda com esta pol\u00edtica, por favor, n\u00e3o use nosso Site. Seu uso continuado do Site ap\u00f3s a publica\u00e7\u00e3o de altera\u00e7\u00f5es a esta pol\u00edtica ser\u00e1 considerado sua aceita\u00e7\u00e3o dessas altera\u00e7\u00f5es.<\/p>\n","protected":false},"excerpt":{"rendered":"<p>Esta Pol\u00edtica de Privacidade rege a maneira como o Real Estate WordPress Theme coleta, usa, mant\u00e9m e divulga as informa\u00e7\u00f5es coletadas dos usu\u00e1rios (cada um, um &#8220;Usu\u00e1rio&#8221;) do site (&#8220;Site&#8221;). Esta pol\u00edtica de privacidade se aplica ao Site e a todos os produtos e servi\u00e7os oferecidos pelo Real Estate WordPress Theme. Informa\u00e7\u00f5es de identifica\u00e7\u00e3o pessoal Podemos coletar informa\u00e7\u00f5es de identifica\u00e7\u00e3o pessoal dos Usu\u00e1rios de &#8230;<\/p>\n","protected":false},"author":1,"featured_media":0,"parent":0,"menu_order":0,"comment_status":"closed","ping_status":"closed","template":"terms_conditions.php","meta":[],"_links":{"self":[{"href":"https:\/\/innovationre.gr\/index.php?rest_route=\/wp\/v2\/pages\/5275"}],"collection":[{"href":"https:\/\/innovationre.gr\/index.php?rest_route=\/wp\/v2\/pages"}],"about":[{"href":"https:\/\/innovationre.gr\/index.php?rest_route=\/wp\/v2\/types\/page"}],"author":[{"embeddable":true,"href":"https:\/\/innovationre.gr\/index.php?rest_route=\/wp\/v2\/users\/1"}],"replies":[{"embeddable":true,"href":"https:\/\/innovationre.gr\/index.php?rest_route=%2Fwp%2Fv2%2Fcomments&post=5275"}],"version-history":[{"count":0,"href":"https:\/\/innovationre.gr\/index.php?rest_route=\/wp\/v2\/pages\/5275\/revisions"}],"wp:attachment":[{"href":"https:\/\/innovationre.gr\/index.php?rest_route=%2Fwp%2Fv2%2Fmedia&parent=5275"}],"curies":[{"name":"wp","href":"https:\/\/api.w.org\/{rel}","templated":true}]}}